nder when 54 is divided by 7.
5
What is the remainder when 526 is divided by 74?
8
Calculate the remainder when 132 is divided by 7.
6
What is the remainder when 7476 is divided by 55?
51
Calculate the remainder when 513 is divided by 43.
40
What is the remainder when 172 is divided by 35?
32
What is the remainder when 186 is divided by 47?
45
What is the remainder when 2322 is divided by 1161?
0
What is the remainder when 238 is divided by 115?
8
Calculate the remainder when 41 is divided by 19.
3
Calculate the remainder when 74 is divided by 34.
6
What is the remainder when 231 is divided by 48?
39
Calculate the remainder when 29 is divided by 21.
8
Calculate the remainder when 7910 is divided by 87.
80
What is the remainder when 956 is divided by 96?
92
What is the remainder when 1196 is divided by 132?
8
What is the remainder when 73 is divided by 20?
13
What is the remainder when 1108 is divided by 54?
28
Calculate the remainder when 79 is divided by 12.
7
What is the remainder when 455 is divided by 27?
23
Calculate the remainder when 548 is divided by 30.
8
What is the remainder when 206 is divided by 31?
20
Calculate the remainder when 559 is divided by 97.
74
Calculate the remainder when 74 is divided by 16.
10
Calculate the remainder when 116 is divided by 13.
12
What is the remainder when 153 is divided by 35?
13
What is the remainder when 27339 is divided by 279?
276
What is the remainder when 478 is divided by 468?
10
What is the remainder when 1028 is divided by 70?
48
What is the remainder when 4596 is divided by 19?
17
What is the remainder when 456 is divided by 124?
84
What is the remainder when 643 is divided by 29?
5
Calculate the remainder when 3521 is divided by 294.
287
What is the remainder when 205 is divided by 23?
21
Calculate the remainder when 1443 is divided by 17.
15
What is the remainder when 294 is divided by 32?
6
What is the remainder when 430 is divided by 54?
52
What is the remainder when 1068 is divided by 67?
63
What is the remainder when 86 is divided by 6?
2
What is the remainder when 3439 is divided by 246?
241
What is the remainder when 174 is divided by 124?
50
What is the remainder when 129 is divided by 44?
41
Calculate the remainder when 2766 is divided by 17.
12
Calculate the remainder when 196 is divided by 50.
46
Calculate the remainder when 352 is divided by 325.
27
Calculate the remainder when 82 is divided by 12.
10
Calculate the remainder when 218 is divided by 68.
14
What is the remainder when 1893 is divided by 322?
283
Calculate the remainder when 18 is divided by 13.
5
Calculate the remainder when 3077 is divided by 19.
18
Calculate the remainder when 41 is divided by 23.
18
Calculate the remainder when 74 is divided by 70.
4
What is the remainder when 411 is divided by 52?
47
What is the remainder when 1979 is divided by 35?
19
Calculate the remainder when 443 is divided by 14.
9
Calculate the remainder when 7033 is divided by 35.
33
What is the remainder when 330 is divided by 166?
164
Calculate the remainder when 3033 is divided by 59.
24
What is the remainder when 296 is divided by 50?
46
Calculate the remainder when 3145 is divided by 4.
1
What is the remainder when 131 is divided by 6?
5
Calculate the remainder when 205 is divided by 7.
2
What is the remainder when 266 is divided by 90?
86
What is the remainder when 209 is divided by 60?
29
Calculate the remainder when 518 is divided by 90.
68
Calculate the remainder when 426 is divided by 114.
84
Calculate the remainder when 439 is divided by 50.
39
What is the remainder when 268 is divided by 222?
46
What is the remainder when 30125 is divided by 4?
1
What is the remainder when 740 is divided by 19?
18
Calculate the remainder when 184 is divided by 3.
1
Calculate the remainder when 20 is divided by 18.
2
What is the remainder when 813 is divided by 295?
223
Calculate the remainder when 728 is divided by 73.
71
Calculate the remainder when 153 is divided by 37.
5
Calculate the remainder when 34 is divided by 18.
16
What is the remainder when 378 is divided by 43?
34
What is the remainder when 525 is divided by 13?
5
Calculate the remainder when 272 is divided by 25.
22
Calculate the remainder when 562 is divided by 63.
58
Calculate the remainder when 3737 is divided by 42.
41
What is the remainder when 737 is divided by 82?
81
Calculate the remainder when 262 is divided by 132.
130
What is the remainder when 1404 is divided by 156?
0
What is the remainder when 1258 is divided by 310?
18
Calculate the remainder when 187 is divided by 27.
25
Calculate the remainder when 7037 is divided by 80.
77
What is the remainder when 40724 is divided by 75?
74
Calculate the remainder when 132 is divided by 41.
9
Calculate the remainder when 369 is divided by 17.
12
Calculate the remainder when 331 is divided by 90.
61
What is the remainder when 109 is divided by 57?
52
What is the remainder when 948 is divided by 19?
17
What is the remainder when 391 is divided by 10?
1
What is the remainder when 170 is divided by 39?
14
Calculate the remainder when 158 is divided by 39.
2
What is the remainder when 224 is divided by 46?
40
Calculate the remainder when 113 is divided by 58.
55
What is the remainder when 127 is divided by 46?
35
Calculate the remainder when 411 is divided by 57.
12
Calculate the remainder when 165 is divided by 46.
27
What is the remainder when 1086 is divided by 292?
210
What is the remainder when 413 is divided by 71?
58
Calculate the remainder when 245 is divided by 36.
29
What is the remainder when 264 is divided by 53?
52
What is the remainder when 295 is divided by 18?
7
What is the remainder when 425 is divided by 118?
71
What is the remainder when 5578 is divided by 12?
10
What is the remainder when 37 is divided by 7?
2
Calculate the remainder when 3885 is divided by 108.
105
Calculate the remainder when 688 is divided by 30.
28
Calculate the remainder when 895 is divided by 14.
13
Calculate the remainder when 740 is divided by 77.
47
What is the remainder when 9658 is divided by 138?
136
What is the remainder when 90 is divided by 28?
6
What is the remainder when 175 is divided by 88?
87
What is the remainder when 2534 is divided by 62?
54
What is the remainder when 54 is divided by 32?
22
Calculate the remainder when 473 is divided by 14.
11
What is the remainder when 3149 is divided by 16?
13
Calculate the remainder when 84 is divided by 17.
16
Calculate the remainder when 632 is divided by 108.
92
Calculate the remainder when 2068 is divided by 69.
67
Calculate the remainder when 114 is divided by 63.
51
Calculate the remainder when 116 is divided by 18.
8
What is the remainder when 211 is divided by 108?
103
Calculate the remainder when 645 is divided by 620.
25
What is the remainder when 377 is divided by 33?
14
Calculate the remainder when 117 is divided by 25.
17
What is the remainder when 715 is divided by 44?
11
Calculate the remainder when 94 is divided by 60.
34
What is the remainder when 767 is divided by 35?
32
What is the remainder when 116 is divided by 88?
28
Calculate the remainder when 441 is divided by 54.
9
Calculate the remainder when 397 is divided by 80.
77
What is the remainder when 1230 is divided by 58?
12
Calculate the remainder when 52 is divided by 11.
8
What is the remainder when 277 is divided by 148?
129
Calculate the remainder when 1634 is divided by 4.
2
What is the remainder when 409 is divided by 47?
33
Calculate the remainder when 49 is divided by 44.
5
Calculate the remainder when 167 is divided by 76.
15
Calculate the remainder when 147 is divided by 4.
3
Calculate the remainder when 62 is divided by 21.
20
What is the remainder when 835 is divided by 275?
10
Calculate the remainder when 78 is divided by 20.
18
What is the remainder when 544 is divided by 540?
4
Calculate the remainder when 114 is divided by 31.
21
Calculate the remainder when 1317 is divided by 391.
144
What is the remainder when 1957 is divided by 28?
25
Calculate the remainder when 144 is divided by 47.
3
Calculate the remainder when 328 is divided by 210.
118
What is the remainder when 249 is divided by 15?
9
What is the remainder when 71 is divided by 19?
14
Calculate the remainder when 87 is divided by